94921 a prime number?
False
Is 6612253 composite?
True
Is 5205227 a prime number?
True
Is 57379513 a composite number?
True
Is 100758341 composite?
True
Is 4252739 prime?
True
Is 19386813 a composite number?
True
Is 2569817 composite?
False
Is 1283093 a composite number?
True
Is 12656519 composite?
False
Is 10601939 prime?
True
Is 158108633 prime?
False
Is 121297609 prime?
True
Is 4128689 a prime number?
True
Is 1014637 composite?
True
Is 735907 composite?
True
Is 184435 composite?
True
Is 693569 composite?
False
Is 227241949 a prime number?
False
Is 12931133 prime?
True
Is 822499 composite?
True
Is 151161119 prime?
False
Is 1737139 composite?
True
Is 2001491 prime?
False
Is 6310019 prime?
False
Is 24880337 a prime number?
False
Is 517008711 composite?
True
Is 82306273 prime?
False
Is 135476113 a prime number?
True
Is 328529 a composite number?
True
Is 106827601 composite?
True
Is 21100721 a composite number?
True
Is 1785911 composite?
True
Is 5482523 a composite number?
False
Is 708693 a composite number?
True
Is 41138641 a composite number?
False
Is 61076333 prime?
True
Is 6098501 a prime number?
True
Is 22008941 a prime number?
False
Is 430644397 composite?
False
Is 14024897 prime?
True
Is 112820677 composite?
True
Is 320514321 a composite number?
True
Is 665429 prime?
True
Is 119831011 composite?
True
Is 64633631 prime?
False
Is 41380063 composite?
True
Is 24743129 composite?
False
Is 1272281 composite?
False
Is 3062269 composite?
True
Is 752041 a composite number?
True
Is 246993431 a composite number?
False
Is 13854871 a composite number?
False
Is 46863149 a prime number?
True
Is 15846937 a composite number?
False
Is 46037579 composite?
True
Is 1042631 composite?
False
Is 581597 composite?
False
Is 5619781 a prime number?
True
Is 969233 a composite number?
False
Is 4667161 a prime number?
True
Is 152274119 composite?
False
Is 15266891 a prime number?
True
Is 17848027 composite?
True
Is 121809959 prime?
False
Is 17698946 composite?
True
Is 14173853 a composite number?
False
Is 99079529 composite?
False
Is 79642 prime?
False
Is 680749 composite?
False
Is 11018867 prime?
True
Is 11938361 a composite number?
False
Is 17708477 a prime number?
True
Is 41645137 composite?
False
Is 2182223 prime?
False
Is 157109 a composite number?
False
Is 2039399 prime?
False
Is 3299579 prime?
True
Is 770353 prime?
True
Is 4294681 a composite number?
False
Is 156815467 composite?
False
Is 726963937 composite?
True
Is 61846931 prime?
False
Is 1770729 a prime number?
False
Is 250659869 composite?
True
Is 5391067 a prime number?
False
Is 887333 a prime number?
True
Is 325301 prime?
True
Is 158409793 a prime number?
True
Is 108712078 prime?
False
Is 297659 prime?
True
Is 8837623 composite?
False
Is 18366199 a prime number?
False
Is 150811961 a composite number?
False
Is 101063 a composite number?
False
Is 7303003 a prime number?
True
Is 232762 a composite number?
True
Is 828431 a composite number?
False
Is 51347018 a composite number?
True
Is 50589237 a composite number?
True
Is 1679033 a composite number?
False
Is 3850507 a prime number?
True
Is 9123871 composite?
False
Is 302074859 a prime number?
True
Is 33986159 prime?
True
Is 7967621 prime?
True
Is 511102 a prime number?
False
Is 13382891 composite?
True
Is 7023917 a composite number?
True
Is 7319707 composite?
True
Is 4337057 a prime number?
False
Is 595767 composite?
True
Is 2961769 a composite number?
False
Is 113559451 composite?
True
Is 75795086 a composite number?
True
Is 21727 a prime number?
True
Is 3058193 prime?
True
Is 16831151 a composite number?
False
Is 16014913 prime?
False
Is 185090219 composite?
False
Is 20974589 a prime number?
True
Is 347477554 a composite number?
True
Is 62900251 a composite number?
False
Is 6050713 prime?
True
Is 493014571 a composite number?
True
Is 9835781 a prime number?
True
Is 664671569 a prime number?
False
Is 5239357 a prime number?
True
Is 471239 composite?
True
Is 10733963 a composite number?
False
Is 19572913 a prime number?
False
Is 6699217 composite?
True
Is 4928509 a prime number?
False
Is 80083229 a prime number?
True
Is 15173273 composite?
False
Is 188025059 a prime number?
True
Is 83709127 a prime number?
True
Is 83897323 prime?
False
Is 1314851 composite?
False
Is 4118749 a prime number?
True
Is 1572839 composite?
True
Is 97946533 prime?
True
Is 6128009 a composite number?
True
Is 157016031 composite?
True
Is 40512653 prime?
False
Is 161845841 prime?
False
Is 23434777 composite?
False
Is 54018583 a composite number?
False
Is 7649179 a prime number?
False
Is 1261991 a composite number?
True
Is 8692571 composite?
False
Is 3724081 a prime number?
False
Is 482821 a prime number?
False
Is 259553579 a composite number?
False
Is 1404929 a composite number?
True
Is 7757861 a prime number?
True
Is 11226601 prime?
True
Is 1327805 a prime number?
False
Is 4991057 prime?
False
Is 9201539 a composite number?
True
Is 99739 a composite number?
True
Is 5503661 a composite number?
False
Is 18758501 composite?
True
Is 298981987 a composite number?
False
Is 106980691 prime?
True
Is 46734913 composite?
False
Is 28236287 a prime number?
True
Is 980677 a composite number?
False
Is 46789243 a prime number?
True
Is 256788761 prime?
True
Is 3657617 a composite number?
False
Is 132218347 prime?
True
Is 40099357 composite?
False
Is 138455917 composite?
True
Is 1310767 composite?
True
Is 2550721 prime?
True
Is 8437937 a prime number?
False
Is 31415749 a composite number?
True
Is 9819277 a composite number?
True
Is 539893 prime?
False
Is 4348189 composite?
False
Is 1172671 prime?
True
Is 12895307 composite?
False
Is 133407979 composite?
False
Is 340001195 prime?
False
Is 891967 a composite number?
False
Is 8629193 prime?
True
Is 6634687 a composite number?
True
Is 147406739 a prime number?
False
Is 895043 a prime number?
False
Is 66299557 a composite number?
False
Is 13914409 a composite number?
False
Is 577204789 prime?
False
Is 350106881 composite?
False
Is 194791 prime?
False
Is 32706967 a prime number?
True
Is 37665841 a composite number?
False
Is 5472611 prime?
True
Is 32222963 a prime number?
True
Is 4632377 a composite number?
False
Is 1255477 composite?
False
Is 19376083 a prime number?
False
Is 138066473 composite?
False
Is 373184417 composite?
True
Is 38371219 prime?
True
Is 67152149 a composite number?
False
Is 2406407 composite?
True
Is 108748649 composite?
False
Is 674899409 composite?
True
Is 34508689 a prime number?
True
Is 3066689 a prime number?
True
Is 2865479 prime?
True
Is 10436441 prime?
True
Is 38601709 prime?
False
Is 10265987 prime?
True
Is 1895479 composite?
False
Is 33888721 prime?
True
Is 952728109 a prime number?
True
Is 25849805 prime?
False
Is 11972359 composite?
True
Is 10302257 composite?
True
Is 146431 composite?
True
Is 7245085 a composite number?
True
Is 34258277 composite?
False
Is 19382107 composite?
True
Is 2819731 composite?
True
Is 557759337 a composite number?
True
Is 10538611 prime?
True
Is 13643759 composite?
False
Is 1222157 a composite number?
False
Is 6479753 prime?
False
Is 96584251 prime?
False
Is 188043451 prime?
True
Is 17237489 a prime number?
True
Is 11506291 composite?
True
Is 374081 composite?
True
Is 29813803 a prime number?
False
Is 30131733 a prime number?
False
Is 10721311 a prime number?
False
Is 189206347 composite?
True
Is 5461199 a composite number?
True
Is 15260473 a prime number?
True
Is 2718867 prime?
False
Is 645661 prime?
True
Is 49707017 composite?
True
Is 6776269 composite?
False
Is 45289723 a composite number?
False
Is 198634481 a prime number?
True
Is 122389117 a composite number?
True
Is 3825035 a composite number?
True
Is 6051935 a prime number?
False
Is 593939 a composite number?
True
Is 3320013 prime?
False
Is 6734419 a composite number?
True
Is 38509334 a prime number?
False
Is 5434937 a prime number?
True
Is 182987314 a composite number?
True
Is 5980081 a composite number?
False
Is 2621189 a prime number?
False
Is 54574537 a composite number?
True
Is 23836083 a prime number?
False
Is 408555101 a composite number?
True
Is 47214577 composite?
False
Is 7362721 a composite number?
True
Is 4308065 prime?
False
Is 34478111 a composite number?
False
Is 26925251 a composite number?
True
Is 116098447 a prime numb